{"id":339,"date":"2018-01-22T15:11:07","date_gmt":"2018-01-22T19:11:07","guid":{"rendered":"http:\/\/new.sajoma.gob.do\/transparencia\/?page_id=339"},"modified":"2019-01-22T21:33:17","modified_gmt":"2019-01-23T01:33:17","slug":"como-ser-proveedor","status":"publish","type":"page","link":"https:\/\/alcaldiasajoma.gob.do\/transparencia\/como-ser-proveedor\/","title":{"rendered":"\u00bfC\u00f3mo ser proveedor?"},"content":{"rendered":"<p><img loading=\"lazy\" class=\"wp-image-845 alignleft\" src=\"http:\/\/alcaldiasajoma.gob.do\/transparencia\/wp-content\/uploads\/2019\/01\/comoserproveedor-250x141.jpg\" alt=\"\" width=\"328\" height=\"185\" srcset=\"https:\/\/alcaldiasajoma.gob.do\/transparencia\/wp-content\/uploads\/2019\/01\/comoserproveedor-250x141.jpg 250w, https:\/\/alcaldiasajoma.gob.do\/transparencia\/wp-content\/uploads\/2019\/01\/comoserproveedor-768x432.jpg 768w, https:\/\/alcaldiasajoma.gob.do\/transparencia\/wp-content\/uploads\/2019\/01\/comoserproveedor-700x394.jpg 700w, https:\/\/alcaldiasajoma.gob.do\/transparencia\/wp-content\/uploads\/2019\/01\/comoserproveedor-120x68.jpg 120w, https:\/\/alcaldiasajoma.gob.do\/transparencia\/wp-content\/uploads\/2019\/01\/comoserproveedor.jpg 1280w\" sizes=\"(max-width: 328px) 100vw, 328px\" \/><\/p>\n<p align=\"justify\">Los proveedores interesados en ofrecer bienes y servicios al Ayuntamiento De San Jos\u00e9 de las Matas deben cumplir con los siguientes requisitos:<\/p>\n<ol>\n<li>\n<p align=\"justify\">Contar con el Registro de Proveedores del Estado (RPE), seg\u00fan lo establecido en el portal\u00a0<a href=\"http:\/\/comprasdominicana.gov.do\/web\/guest\/portada\" target=\"_blank\" rel=\"noopener\">http:\/\/comprasdominicana.gov.do\/web\/guest\/portada<\/a>.<\/p>\n<\/li>\n<li>\n<p align=\"justify\">Estar al d\u00eda en el pago de sus obligaciones fiscales.<\/p>\n<\/li>\n<li>\n<p align=\"justify\">Depositar en el Departamento de Compras* un Portafolio de Negocios que incluya:<\/p>\n<ol>\n<li>\n<p align=\"justify\">Descripci\u00f3n de la empresa<\/p>\n<\/li>\n<li>\n<p align=\"justify\">Bienes y servicios ofrecidos<\/p>\n<\/li>\n<li>\n<p align=\"justify\">Servicios de valor a\u00f1adido<\/p>\n<\/li>\n<li>Experiencia en el mercado<\/li>\n<li>Referencias comerciales<\/li>\n<li>T\u00e9rminos de pago<\/li>\n<li>T\u00e9rminos de entrega<\/li>\n<\/ol>\n<\/li>\n<li>\n<p align=\"justify\">Participar de los procesos de las compras y contrataciones publicados a trav\u00e9s de este portal y la Direcci\u00f3n General de Contrataciones P\u00fablicas\u00a0<a href=\"http:\/\/comprasdominicana.gov.do\/web\/guest\/portada\" target=\"_blank\" rel=\"noopener\">http:\/\/comprasdominicana.gov.do\/web\/guest\/portada<\/a>\u00a0y en el portal de nuestra organizaci\u00f3n gubernamental en la secci\u00f3n de transparencia.<\/p>\n<\/li>\n<\/ol>\n","protected":false},"excerpt":{"rendered":"Los proveedores interesados en ofrecer bienes y servicios al Ayuntamiento De San Jos\u00e9 de las Matas deben cumplir con los siguientes requisitos: Contar con el Registro de Proveedores del Estado (RPE), seg\u00fan lo establecido en el portal\u00a0http:\/\/comprasdominicana.gov.do\/web\/guest\/portada. Estar al d\u00eda en el pago de sus obligaciones fiscales. Depositar en el Departamento de Compras* un Portafolio&#8230;","protected":false},"author":4,"featured_media":0,"parent":0,"menu_order":0,"comment_status":"closed","ping_status":"closed","template":"","meta":[],"_links":{"self":[{"href":"https:\/\/alcaldiasajoma.gob.do\/transparencia\/wp-json\/wp\/v2\/pages\/339"}],"collection":[{"href":"https:\/\/alcaldiasajoma.gob.do\/transparencia\/wp-json\/wp\/v2\/pages"}],"about":[{"href":"https:\/\/alcaldiasajoma.gob.do\/transparencia\/wp-json\/wp\/v2\/types\/page"}],"author":[{"embeddable":true,"href":"https:\/\/alcaldiasajoma.gob.do\/transparencia\/wp-json\/wp\/v2\/users\/4"}],"replies":[{"embeddable":true,"href":"https:\/\/alcaldiasajoma.gob.do\/transparencia\/wp-json\/wp\/v2\/comments?post=339"}],"version-history":[{"count":12,"href":"https:\/\/alcaldiasajoma.gob.do\/transparencia\/wp-json\/wp\/v2\/pages\/339\/revisions"}],"predecessor-version":[{"id":853,"href":"https:\/\/alcaldiasajoma.gob.do\/transparencia\/wp-json\/wp\/v2\/pages\/339\/revisions\/853"}],"wp:attachment":[{"href":"https:\/\/alcaldiasajoma.gob.do\/transparencia\/wp-json\/wp\/v2\/media?parent=339"}],"curies":[{"name":"wp","href":"https:\/\/api.w.org\/{rel}","templated":true}]}}